 is -31 + -72?
-113
In base 7, what is -21 - 33?
-54
In base 8, what is -2 + -66?
-70
In base 15, what is -1c + -80?
-9c
In base 3, what is -1000 - 112?
-1112
In base 9, what is -13 - 242?
-255
In base 14, what is 2 - 640?
-63c
In base 8, what is -210 - 4?
-214
In base 9, what is 128 - -52?
181
In base 7, what is -1 + 135?
134
In base 11, what is a7 - -32?
129
In base 8, what is 4567 - 3?
4564
In base 6, what is -5 + 225?
220
In base 3, what is 102120020 + 10?
102120100
In base 11, what is -2 - 16?
-18
In base 14, what is 91 + 19?
aa
In base 4, what is -11 - -10231?
10220
In base 15, what is 4 - -de?
e3
In base 6, what is -53 + 3?
-50
In base 14, what is 25 + 0?
25
In base 2, what is 111100110010 - 10?
111100110000
In base 12, what is 42 - 3?
3b
In base 15, what is -3 - -c?
9
In base 7, what is 1005 - 0?
1005
In base 15, what is -6 + -12?
-18
In base 11, what is -408 + 18?
-3a0
In base 7, what is -102 + -243?
-345
In base 4, what is -3233 + -3?
-3302
In base 11, what is -160 - -9?
-152
In base 6, what is -35 + -42?
-121
In base 9, what is 5 - 51?
-45
In base 7, what is -2 - 4065?
-4100
In base 8, what is -5 - -1042?
1035
In base 14, what is -3 + -c?
-11
In base 11, what is 3118 + 2?
311a
In base 15, what is 1111 - 3?
110d
In base 5, what is -1 + -1221?
-1222
In base 8, what is -4 - 25?
-31
In base 7, what is -1 - 3244?
-3245
In base 8, what is -52 - -4?
-46
In base 10, what is 1 + -3?
-2
In base 15, what is 9c7 - -5?
9cc
In base 7, what is 4 - 2431?
-2424
In base 4, what is -2112 + -10?
-2122
In base 7, what is 222 + 5?
230
In base 2, what is 100111110 - -111?
101000101
In base 4, what is 10 + 3200?
3210
In base 2, what is 10111 + -1010?
1101
In base 13, what is -330 - -5?
-328
In base 16, what is -1 + -85?
-86
In base 13, what is 8 + 0?
8
In base 15, what is -3 - -352?
34e
In base 3, what is -12 + 2221221?
2221202
In base 14, what is -499 + 2?
-497
In base 2, what is 10110011 - -10?
10110101
In base 15, what is -3 + -27?
-2a
In base 3, what is 120 - -121?
1011
In base 5, what is 1 + 40?
41
In base 7, what is -1262 + -44?
-1336
In base 4, what is -3 + 112?
103
In base 12, what is -19 - -539?
520
In base 4, what is -133 + -202?
-1001
In base 11, what is 337 - 2?
335
In base 12, what is -88 + 3?
-85
In base 6, what is -34 - -3?
-31
In base 10, what is -1 - -172?
171
In base 11, what is 89 - 3?
86
In base 12, what is 6a5 - -8?
6b1
In base 9, what is -4 + 5882?
5877
In base 11, what is 1492 + -2?
1490
In base 16, what is 1cd - -2?
1cf
In base 9, what is 3 + 71?
74
In base 9, what is -4 + -58?
-63
In base 5, what is 1 - -214?
220
In base 4, what is 3 + -23132?
-23123
In base 4, what is -1 - 200?
-201
In base 15, what is e + e4?
103
In base 6, what is 243 + -13?
230
In base 10, what is -41 + 33?
-8
In base 8, what is -5 + -105?
-112
In base 16, what is a - -1a?
24
In base 8, what is -4 + -6?
-12
In base 15, what is b7 - -2?
b9
In base 14, what is 22 + 7?
29
In base 14, what is -87 + 4?
-83
In base 12, what is -14 - -a1?
89
In base 6, what is 100112 - 1?
100111
In base 3, what is 1102 - -1?
1110
In base 4, what is -3 + -201?
-210
In base 11, what is -1 + 2964?
2963
In base 13, what is -447 + 6?
-441
In base 12, what is -2 + 5a8?
5a6
In base 8, what is 10 - -1?
11
In base 6, what is -10 + 1230?
1220
In base 8, what is 220 - -30?
250
In base 3, what is -21220 - 100?
-22020
In base 2, what is 10001 - 0?
10001
In base 10, what is -411 - 0?
-411
In base 13, what is 3 - -280?
283
In base 2, what is -101100 - -1101?
-11111
In base 16, what is d8 + 46?
11e
In base 6, what is -2211 - -41?
-2130
In base 8, what is 757 - 5?
752
In base 11, what is -7 + -aa?
-106
In base 7, what is -45 + -34?
-112
In base 13, what is 20b + -2?
209
In base 13, what is 0 + -48a?
-48a
In base 6, what is -105 + 4?
-101
In base 16, what is -55c + -7?
-563
In base 11, what is -37 + -7?
-43
In base 8, what is 45 + 50?
115
In base 11, what is 4 - -327?
330
In base 10, what is -830 - 3?
-833
In base 4, what is -21 - -110?
23
In base 16, what is 7 - -d9?
e0
In base 10, what is 3 - -271?
274
In base 2, what is 10000 + -1111100101?
-1111010101
In base 7, what is 14 - -105?
122
In base 13, what is -2b90 + 1?
-2b8c
In base 14, what is 6 - -57?
5d
In base 15, what is -e08 + 1?
-e07
In base 3, what is 202 + -1011?
-102
In base 15, what is -368 + 9?
-35e
In base 2, what is -11001 - 1000?
-100001
In base 4, what is 1 - -2113?
2120
In base 5, what is 10230 + -4?
10221
In base 2, what is -11 - 1?
-100
In base 4, what is 20 + -30?
-10
In base 15, what is 14 - -16?
2a
In base 9, what is -11450 - 5?
-11455
In base 4, what is -32 - -3?
-23
In base 12, what is b + 23b5?
2404
In base 6, what is -3355 + -5?
-3404
In base 14, what is 0 + -93b?
-93b
In base 2, what is 1 + -10111100010?
-10111100001
In base 15, what is -5 + -10b?
-111
In base 8, what is -2 + -307?
-311
In base 13, what is -4 - -15a?
156
In base 15, what is 3 - -65?
68
In base 6, what is -341 + -11?
-352
In base 7, what is -255 - 1?
-256
In base 12, what is 0 + 103?
103
In base 11, what is 1 - -6a?
70
In base 13, what is -89a - 4?
-8a1
In base 9, what is -3 - -48?
45
In base 13, what is 4 - -1a0?
1a4
In base 8, what is -1323 - -4?
-1317
In base 9, what is 185 - -5?
201
In base 13, what is 47 - 1?
46
In base 2, what is 10 + -1000000?
-111110
In base 5, what is -2212 + -3?
-2220
In base 12, what is 127 - -1?
128
In base 6, what is -11 + -1133?
-1144
In base 6, what is -302 + -11?
-313
In base 8, what is 1 + 2327?
2330
In base 8, what is 4 - 113?
-107
In base 16, what is 21c1 + 5?
21c6
In base 9, what is 2881 - 0?
2881
In base 14, what is 29a3 + -1?
29a2
In base 9, what is 3 - 21?
-17
In base 6, what is 2 - -1333?
1335
In base 5, what is -10 - -3?
-2
In base 9, what is -370 - -3?
-366
In base 9, what is -3027 + 2?
-3025
In base 8, what is -53 + 2?
-51
In base 3, what is 201 + 0?
201
In base 16, what is -15a2 - -3?
-159f
In base 7, what is -4 - 1222?
-1226
In base 5, what is -1 - -40?
34
In base 3, what is 2211 - -2101?
12012
In base 7, what is 236 + -11?
225
In base 14, what is 269 - -2?
26b
In base 2, what is 1011100100 - 0?
1011100100
In base 10, what is -5 - -20?
15
In base 12, what is -13a + -9?
-147
In base 3, what is -20 - 12?
-102
In base 16, what is -425 - 17?
-43c
In base 13, what is a7 + -4?
a3
In base 6, what is 2 + 30?
32
In base 3, what is 2121 + -10?
2111
In base 5, what is 30 - -322?
402
In base 2, what is 10 - 11101111?
-11101101
In base 16, what is -c + 19?
d
In base 15, what is 0 - -5d6?
5d6
In base 4, what is 11 + 1301?
1312
In base 16, what is 3 - 13?
-10
In base 9, what is 734 - 1?
733
In base 11, what is -214 - 7?
-220
In base 10, what is -417 + 5?
-412
In base 5, what is -233 - -10?
-223
In base 3, what is 1222 - 2?
1220
In base 11, what is 301 + -5?
2a7
In base 4, what is -132 - -1?
-131
In base 2, what is 10010 + 100?
10110
In base 16, what is -3 - -14?
11
In base 5, what is 334 - 341?
-2
In base 13, what is 10 - -3?
13
In base 13, what is -3 - -15?
12
In base 10, what is 1952 + 3?
1955
In base 4, what is -1122 + 103?
-1013
In base 14, what is 7 + -2a?
-23
In base 5, what is 4 + 123?
132
In base 2, what is -111100011 - 0?
-111100011
In base 16, what is -5 + 47d?
478
In base 14, what is 1475 - -4?
1479
In base 10, what is 0 + 55?
55
In base 12, what is -57b + -24?
-5a3
In base 4, what is -2332203 - -10?
-2332133
In base 13, what is -91 + 4?
-8a
In base 15, what is 5 + 548?
54d
In base 15, what is -2 + -730?
-732
In base 7, what is 10 - -362?
402
In base 7, what is -30302 - 4?
-30306
In base 4, what is -30 + -331?
-1021
In base 16, what is 10f - 9?
106
In base 13, what is -552 + 3?
-54c
In base 14, what is 8 + -d0?
-c6
In base 9, what is 33711 + -2?
33708
In base 10, what is 3 - 37?
-34
In base 16, what is -b5 + -1?
-b6
In base 14, what is ac + 3?
b1
In base 13, what is 2 + 2aa?
2ac
In base 16, what is -64 - b?
-6f
In base 6, what is 4 - 15?
-11
In base 2, what is 0 + 101110?
101110
In base 3, what is 100001 + -12?
22212
In base 5, what is -301103 + -2?
-301110
In base 6, what is 132551 + 2?
132553
In base 13, what is 7 + -24?
-1a
In base 9, what is -210 - 3?
-213
In base 8, what is -5 - 1636?
-1643
In base 3, what is -11 - 101010?
-101021
In base 11, what is -14 + -17?
-30
In base 7, what is 1 - 55?
-54
In base 9, wh